{"id":49,"date":"2014-12-23T02:58:50","date_gmt":"2014-12-23T02:58:50","guid":{"rendered":"http:\/\/186.202.127.38\/~valiengcom\/site\/?page_id=49"},"modified":"2017-08-14T19:37:02","modified_gmt":"2017-08-14T19:37:02","slug":"planejamento-fisico","status":"publish","type":"page","link":"https:\/\/www.valieng.com.br\/site\/planejamento-fisico\/","title":{"rendered":"Planejamento F\u00edsico"},"content":{"rendered":"<h1>Planejamento F\u00edsico, Gerencial e Operacional de Obras<\/h1>\n<p><img class=\"lazyload alignright wp-image-60\" src=\"http:\/\/www.valieng.com.br\/site\/wp-content\/uploads\/182457_9046-300x200.jpg\" data-orig-src=\"http:\/\/www.valieng.com.br\/site\/wp-content\/uploads\/182457_9046-300x200.jpg\" alt=\"182457_9046\" width=\"450\" height=\"299\" srcset=\"data:image\/svg+xml,%3Csvg%20xmlns%3D%27http%3A%2F%2Fwww.w3.org%2F2000%2Fsvg%27%20width%3D%27450%27%20height%3D%27299%27%20viewBox%3D%270%200%20450%20299%27%3E%3Crect%20width%3D%27450%27%20height%3D%27299%27%20fill-opacity%3D%220%22%2F%3E%3C%2Fsvg%3E\" data-srcset=\"https:\/\/www.valieng.com.br\/site\/wp-content\/uploads\/182457_9046-300x200.jpg 300w, https:\/\/www.valieng.com.br\/site\/wp-content\/uploads\/182457_9046.jpg 878w\" data-sizes=\"auto\" data-orig-sizes=\"(max-width: 450px) 100vw, 450px\" \/><\/p>\n<p>Tem por objetivo gerar o cronograma da obra com base nas informa\u00e7\u00f5es de projetos e or\u00e7amento.<\/p>\n<p>Um planejamento inicial bem elaborado \u00e9 fundamental para o sucesso do projeto e nosso trabalho fornece v\u00e1rias ferramentas para visualiza\u00e7\u00e3o e acompanhamento do cronograma, tais como:<\/p>\n<ul>\n<li>Cronograma de Visualiza\u00e7\u00e3o Clara (Gr\u00e1fico de Gantt, Linha de Balan\u00e7o e Quadro de Acompanhamento)<\/li>\n<li>Curva \u201cS\u201d F\u00edsico-Econ\u00f4mica<\/li>\n<li>Cronograma de Suprimentos<\/li>\n<li>Diagrama de Sequenciamento<\/li>\n<\/ul>\n<h2>Acompanhamento\/Controle da Produ\u00e7\u00e3o<\/h2>\n<p>Compreende a an\u00e1lise do progresso f\u00edsico do empreendimento.<\/p>\n<p>Ele propicia uma avalia\u00e7\u00e3o estrat\u00e9gica clara das mudan\u00e7as necess\u00e1rias, com base no Ciclo PDCA (Plan, Do, Check, Act).<\/p>\n<p>Atrav\u00e9s de visitas constantes a obra para levantamento de informa\u00e7\u00f5es e estudo de alternativas, nosso trabalho evita a ocorr\u00eancia e o aumento de desvios em rela\u00e7\u00e3o ao planejamento realizado.<\/p>\n<p>Essa fase do trabalho gera relat\u00f3rios para auxiliar nas tomadas de decis\u00e3o:<\/p>\n<ul>\n<li>Cronograma Atualizado de Visualiza\u00e7\u00e3o Clara (Gr\u00e1fico de Gantt, Linha de Balan\u00e7o e Painel de atividades)<\/li>\n<li>Mapeamento da Produ\u00e7\u00e3o com base em Crit\u00e9rios de Medi\u00e7\u00e3o definidos, para garantir a boa terminalidade das atividades.<\/li>\n<li>Atualiza\u00e7\u00e3o da Curva \u201cS\u201d F\u00edsico-Econ\u00f4mica com base nas novas metas<\/li>\n<li>Atualiza\u00e7\u00e3o do Cronograma de Suprimentos<\/li>\n<li>Detalhamento de Metas de Produ\u00e7\u00e3o Trimestrais, Mensais e Semanais (Planejamento de M\u00e9dio e Curto Prazo)<\/li>\n<li>An\u00e1lise de Causas para atrasos na produ\u00e7\u00e3o<\/li>\n<\/ul>\n<h2>Planejamento de Recursos<\/h2>\n<p>A m\u00e3o de obra \u00e9 o recurso mais importante na Constru\u00e7\u00e3o Civil, e a sua boa administra\u00e7\u00e3o est\u00e1 diretamente ligada ao sucesso econ\u00f4mico e de prazo do projeto.<\/p>\n<p>Nessa fase, a an\u00e1lise e o nivelamento dos recursos v\u00e3o colaborar amplamente na assertividade das decis\u00f5es de planejamento operacional e de planos de recupera\u00e7\u00e3o.<\/p>\n<p>O Planejamento de Recursos gera informa\u00e7\u00f5es em duas etapas do projeto:<\/p>\n<ol>\n<li>no planejamento inicial para determina\u00e7\u00e3o do cronograma base<\/li>\n<li>durante a execu\u00e7\u00e3o, para atualiza\u00e7\u00f5es das metas a serem cumpridas, utilizando ferramentas como:<\/li>\n<\/ol>\n<ul>\n<li>Histograma de m\u00e3o de obra de produ\u00e7\u00e3o<\/li>\n<li>C\u00e1lculo de equipe por atividade com base em \u00edndices de produtividade<\/li>\n<li>Curva \u201cS\u201d f\u00edsica, baseada no trabalho necess\u00e1rio em cada etapa do projeto.<\/li>\n<\/ul>\n","protected":false},"excerpt":{"rendered":"<p>Planejamento F\u00edsico, Gerencial e Operacional de Obras Tem por objetivo gerar o cronograma da obra com base nas informa\u00e7\u00f5es de projetos e or\u00e7amento. Um planejamento inicial bem elaborado \u00e9 fundamental para o sucesso do projeto e nosso trabalho fornece v\u00e1rias ferramentas para visualiza\u00e7\u00e3o e acompanhamento do cronograma, tais como: Cronograma de Visualiza\u00e7\u00e3o Clara (Gr\u00e1fico de [&hellip;]<\/p>\n","protected":false},"author":101011,"featured_media":0,"parent":0,"menu_order":0,"comment_status":"open","ping_status":"open","template":"","meta":{"spay_email":""},"yoast_head":"<!-- This site is optimized with the Yoast SEO plugin v16.1.1 - https:\/\/yoast.com\/wordpress\/plugins\/seo\/ -->\n<title>Planejamento F\u00edsico - Valieng - Engenharia Consultoria, Planejamento, Or\u00e7amento<\/title>\n<link rel=\"canonical\" href=\"https:\/\/www.valieng.com.br\/site\/planejamento-fisico\/\" \/>\n<meta property=\"og:locale\" content=\"pt_BR\" \/>\n<meta property=\"og:type\" content=\"article\" \/>\n<meta property=\"og:title\" content=\"Planejamento F\u00edsico - Valieng - Engenharia Consultoria, Planejamento, Or\u00e7amento\" \/>\n<meta property=\"og:description\" content=\"Planejamento F\u00edsico, Gerencial e Operacional de Obras Tem por objetivo gerar o cronograma da obra com base nas informa\u00e7\u00f5es de projetos e or\u00e7amento. Um planejamento inicial bem elaborado \u00e9 fundamental para o sucesso do projeto e nosso trabalho fornece v\u00e1rias ferramentas para visualiza\u00e7\u00e3o e acompanhamento do cronograma, tais como: Cronograma de Visualiza\u00e7\u00e3o Clara (Gr\u00e1fico de [&hellip;]\" \/>\n<meta property=\"og:url\" content=\"https:\/\/www.valieng.com.br\/site\/planejamento-fisico\/\" \/>\n<meta property=\"og:site_name\" content=\"Valieng - Engenharia Consultoria, Planejamento, Or\u00e7amento\" \/>\n<meta property=\"article:modified_time\" content=\"2017-08-14T19:37:02+00:00\" \/>\n<meta property=\"og:image\" content=\"http:\/\/www.valieng.com.br\/site\/wp-content\/uploads\/182457_9046-300x200.jpg\" \/>\n<meta name=\"twitter:card\" content=\"summary_large_image\" \/>\n<meta name=\"twitter:label1\" content=\"Est. tempo de leitura\">\n\t<meta name=\"twitter:data1\" content=\"2 minutos\">\n<script type=\"application\/ld+json\" class=\"yoast-schema-graph\">{\"@context\":\"https:\/\/schema.org\",\"@graph\":[{\"@type\":\"WebSite\",\"@id\":\"https:\/\/www.valieng.com.br\/site\/#website\",\"url\":\"https:\/\/www.valieng.com.br\/site\/\",\"name\":\"Valieng - Engenharia Consultoria, Planejamento, Or\\u00e7amento\",\"description\":\"Consultoria, Planejamento, Or\\u00e7amento, Controle de Custo, Gerenciamento e Fiscaliza\\u00e7\\u00e3o\",\"potentialAction\":[{\"@type\":\"SearchAction\",\"target\":\"https:\/\/www.valieng.com.br\/site\/?s={search_term_string}\",\"query-input\":\"required name=search_term_string\"}],\"inLanguage\":\"pt-BR\"},{\"@type\":\"ImageObject\",\"@id\":\"https:\/\/www.valieng.com.br\/site\/planejamento-fisico\/#primaryimage\",\"inLanguage\":\"pt-BR\",\"url\":\"http:\/\/www.valieng.com.br\/site\/wp-content\/uploads\/182457_9046-300x200.jpg\",\"contentUrl\":\"http:\/\/www.valieng.com.br\/site\/wp-content\/uploads\/182457_9046-300x200.jpg\"},{\"@type\":\"WebPage\",\"@id\":\"https:\/\/www.valieng.com.br\/site\/planejamento-fisico\/#webpage\",\"url\":\"https:\/\/www.valieng.com.br\/site\/planejamento-fisico\/\",\"name\":\"Planejamento F\\u00edsico - Valieng - Engenharia Consultoria, Planejamento, Or\\u00e7amento\",\"isPartOf\":{\"@id\":\"https:\/\/www.valieng.com.br\/site\/#website\"},\"primaryImageOfPage\":{\"@id\":\"https:\/\/www.valieng.com.br\/site\/planejamento-fisico\/#primaryimage\"},\"datePublished\":\"2014-12-23T02:58:50+00:00\",\"dateModified\":\"2017-08-14T19:37:02+00:00\",\"breadcrumb\":{\"@id\":\"https:\/\/www.valieng.com.br\/site\/planejamento-fisico\/#breadcrumb\"},\"inLanguage\":\"pt-BR\",\"potentialAction\":[{\"@type\":\"ReadAction\",\"target\":[\"https:\/\/www.valieng.com.br\/site\/planejamento-fisico\/\"]}]},{\"@type\":\"BreadcrumbList\",\"@id\":\"https:\/\/www.valieng.com.br\/site\/planejamento-fisico\/#breadcrumb\",\"itemListElement\":[{\"@type\":\"ListItem\",\"position\":1,\"item\":{\"@type\":\"WebPage\",\"@id\":\"https:\/\/www.valieng.com.br\/site\/\",\"url\":\"https:\/\/www.valieng.com.br\/site\/\",\"name\":\"In\\u00edcio\"}},{\"@type\":\"ListItem\",\"position\":2,\"item\":{\"@type\":\"WebPage\",\"@id\":\"https:\/\/www.valieng.com.br\/site\/planejamento-fisico\/\",\"url\":\"https:\/\/www.valieng.com.br\/site\/planejamento-fisico\/\",\"name\":\"Planejamento F\\u00edsico\"}}]}]}<\/script>\n<!-- \/ Yoast SEO plugin. -->","_links":{"self":[{"href":"https:\/\/www.valieng.com.br\/site\/wp-json\/wp\/v2\/pages\/49"}],"collection":[{"href":"https:\/\/www.valieng.com.br\/site\/wp-json\/wp\/v2\/pages"}],"about":[{"href":"https:\/\/www.valieng.com.br\/site\/wp-json\/wp\/v2\/types\/page"}],"author":[{"embeddable":true,"href":"https:\/\/www.valieng.com.br\/site\/wp-json\/wp\/v2\/users\/101011"}],"replies":[{"embeddable":true,"href":"https:\/\/www.valieng.com.br\/site\/wp-json\/wp\/v2\/comments?post=49"}],"version-history":[{"count":15,"href":"https:\/\/www.valieng.com.br\/site\/wp-json\/wp\/v2\/pages\/49\/revisions"}],"predecessor-version":[{"id":181,"href":"https:\/\/www.valieng.com.br\/site\/wp-json\/wp\/v2\/pages\/49\/revisions\/181"}],"wp:attachment":[{"href":"https:\/\/www.valieng.com.br\/site\/wp-json\/wp\/v2\/media?parent=49"}],"curies":[{"name":"wp","href":"https:\/\/api.w.org\/{rel}","templated":true}]}}