{"id":45,"date":"2014-12-23T02:57:30","date_gmt":"2014-12-23T02:57:30","guid":{"rendered":"http:\/\/186.202.127.38\/~valiengcom\/site\/?page_id=45"},"modified":"2017-08-14T19:37:02","modified_gmt":"2017-08-14T19:37:02","slug":"gerenciamento-e-fiscalizacao","status":"publish","type":"page","link":"https:\/\/www.valieng.com.br\/site\/gerenciamento-e-fiscalizacao\/","title":{"rendered":"Gerenciamento e Fiscaliza\u00e7\u00e3o"},"content":{"rendered":"<h1>Gerenciamento e Fiscaliza\u00e7\u00e3o<\/h1>\n<p><img class=\"lazyload  wp-image-72 alignright\" src=\"http:\/\/www.valieng.com.br\/site\/wp-content\/uploads\/1274831_67292115-300x200.jpg\" data-orig-src=\"http:\/\/www.valieng.com.br\/site\/wp-content\/uploads\/1274831_67292115-300x200.jpg\" alt=\"1274831_67292115\" width=\"450\" height=\"300\" srcset=\"data:image\/svg+xml,%3Csvg%20xmlns%3D%27http%3A%2F%2Fwww.w3.org%2F2000%2Fsvg%27%20width%3D%27450%27%20height%3D%27300%27%20viewBox%3D%270%200%20450%20300%27%3E%3Crect%20width%3D%27450%27%20height%3D%27300%27%20fill-opacity%3D%220%22%2F%3E%3C%2Fsvg%3E\" data-srcset=\"https:\/\/www.valieng.com.br\/site\/wp-content\/uploads\/1274831_67292115-300x200.jpg 300w, https:\/\/www.valieng.com.br\/site\/wp-content\/uploads\/1274831_67292115.jpg 800w\" data-sizes=\"auto\" data-orig-sizes=\"(max-width: 450px) 100vw, 450px\" \/>Fiscaliza\u00e7\u00e3o \/ Gerenciamento de Projetos (parceria)<\/p>\n<p>Com o objetivo de fornecer dados para o cliente identificar desvios de escopo, qualidade, tempo e custo em rela\u00e7\u00e3o ao projeto inicial, s\u00e3o feitas inspe\u00e7\u00f5es e vistorias nas obras, gerando relat\u00f3rios de n\u00e3o conformidade, tais como:<\/p>\n<ul>\n<li>Medi\u00e7\u00e3o da Produ\u00e7\u00e3o<\/li>\n<li>Relat\u00f3rio de Previsto X Realizado<\/li>\n<li>Controle Econ\u00f4mico de acordo com a t\u00e9cnica de an\u00e1lise de Valor Agregado<\/li>\n<li>Relat\u00f3rio Fotogr\u00e1fico<\/li>\n<li>Relat\u00f3rio de n\u00e3o conformidades<\/li>\n<li>An\u00e1lise e avalia\u00e7\u00e3o do planejamento do construtor<\/li>\n<li>Vistoria de produto acabado<\/li>\n<\/ul>\n<p>&nbsp;<\/p>\n<p>&nbsp;<\/p>\n","protected":false},"excerpt":{"rendered":"<p>Gerenciamento e Fiscaliza\u00e7\u00e3o Fiscaliza\u00e7\u00e3o \/ Gerenciamento de Projetos (parceria) Com o objetivo de fornecer dados para o cliente identificar desvios de escopo, qualidade, tempo e custo em rela\u00e7\u00e3o ao projeto inicial, s\u00e3o feitas inspe\u00e7\u00f5es e vistorias nas obras, gerando relat\u00f3rios de n\u00e3o conformidade, tais como: Medi\u00e7\u00e3o da Produ\u00e7\u00e3o Relat\u00f3rio de Previsto X Realizado Controle Econ\u00f4mico [&hellip;]<\/p>\n","protected":false},"author":101011,"featured_media":0,"parent":0,"menu_order":0,"comment_status":"open","ping_status":"open","template":"","meta":{"spay_email":""},"yoast_head":"<!-- This site is optimized with the Yoast SEO plugin v16.1.1 - https:\/\/yoast.com\/wordpress\/plugins\/seo\/ -->\n<title>Gerenciamento e Fiscaliza\u00e7\u00e3o - Valieng - Engenharia Consultoria, Planejamento, Or\u00e7amento<\/title>\n<link rel=\"canonical\" href=\"https:\/\/www.valieng.com.br\/site\/gerenciamento-e-fiscalizacao\/\" \/>\n<meta property=\"og:locale\" content=\"pt_BR\" \/>\n<meta property=\"og:type\" content=\"article\" \/>\n<meta property=\"og:title\" content=\"Gerenciamento e Fiscaliza\u00e7\u00e3o - Valieng - Engenharia Consultoria, Planejamento, Or\u00e7amento\" \/>\n<meta property=\"og:description\" content=\"Gerenciamento e Fiscaliza\u00e7\u00e3o Fiscaliza\u00e7\u00e3o \/ Gerenciamento de Projetos (parceria) Com o objetivo de fornecer dados para o cliente identificar desvios de escopo, qualidade, tempo e custo em rela\u00e7\u00e3o ao projeto inicial, s\u00e3o feitas inspe\u00e7\u00f5es e vistorias nas obras, gerando relat\u00f3rios de n\u00e3o conformidade, tais como: Medi\u00e7\u00e3o da Produ\u00e7\u00e3o Relat\u00f3rio de Previsto X Realizado Controle Econ\u00f4mico [&hellip;]\" \/>\n<meta property=\"og:url\" content=\"https:\/\/www.valieng.com.br\/site\/gerenciamento-e-fiscalizacao\/\" \/>\n<meta property=\"og:site_name\" content=\"Valieng - Engenharia Consultoria, Planejamento, Or\u00e7amento\" \/>\n<meta property=\"article:modified_time\" content=\"2017-08-14T19:37:02+00:00\" \/>\n<meta property=\"og:image\" content=\"http:\/\/www.valieng.com.br\/site\/wp-content\/uploads\/1274831_67292115-300x200.jpg\" \/>\n<meta name=\"twitter:card\" content=\"summary_large_image\" \/>\n<meta name=\"twitter:label1\" content=\"Est. tempo de leitura\">\n\t<meta name=\"twitter:data1\" content=\"1 minuto\">\n<script type=\"application\/ld+json\" class=\"yoast-schema-graph\">{\"@context\":\"https:\/\/schema.org\",\"@graph\":[{\"@type\":\"WebSite\",\"@id\":\"https:\/\/www.valieng.com.br\/site\/#website\",\"url\":\"https:\/\/www.valieng.com.br\/site\/\",\"name\":\"Valieng - Engenharia Consultoria, Planejamento, Or\\u00e7amento\",\"description\":\"Consultoria, Planejamento, Or\\u00e7amento, Controle de Custo, Gerenciamento e Fiscaliza\\u00e7\\u00e3o\",\"potentialAction\":[{\"@type\":\"SearchAction\",\"target\":\"https:\/\/www.valieng.com.br\/site\/?s={search_term_string}\",\"query-input\":\"required name=search_term_string\"}],\"inLanguage\":\"pt-BR\"},{\"@type\":\"ImageObject\",\"@id\":\"https:\/\/www.valieng.com.br\/site\/gerenciamento-e-fiscalizacao\/#primaryimage\",\"inLanguage\":\"pt-BR\",\"url\":\"http:\/\/www.valieng.com.br\/site\/wp-content\/uploads\/1274831_67292115-300x200.jpg\",\"contentUrl\":\"http:\/\/www.valieng.com.br\/site\/wp-content\/uploads\/1274831_67292115-300x200.jpg\"},{\"@type\":\"WebPage\",\"@id\":\"https:\/\/www.valieng.com.br\/site\/gerenciamento-e-fiscalizacao\/#webpage\",\"url\":\"https:\/\/www.valieng.com.br\/site\/gerenciamento-e-fiscalizacao\/\",\"name\":\"Gerenciamento e Fiscaliza\\u00e7\\u00e3o - Valieng - Engenharia Consultoria, Planejamento, Or\\u00e7amento\",\"isPartOf\":{\"@id\":\"https:\/\/www.valieng.com.br\/site\/#website\"},\"primaryImageOfPage\":{\"@id\":\"https:\/\/www.valieng.com.br\/site\/gerenciamento-e-fiscalizacao\/#primaryimage\"},\"datePublished\":\"2014-12-23T02:57:30+00:00\",\"dateModified\":\"2017-08-14T19:37:02+00:00\",\"breadcrumb\":{\"@id\":\"https:\/\/www.valieng.com.br\/site\/gerenciamento-e-fiscalizacao\/#breadcrumb\"},\"inLanguage\":\"pt-BR\",\"potentialAction\":[{\"@type\":\"ReadAction\",\"target\":[\"https:\/\/www.valieng.com.br\/site\/gerenciamento-e-fiscalizacao\/\"]}]},{\"@type\":\"BreadcrumbList\",\"@id\":\"https:\/\/www.valieng.com.br\/site\/gerenciamento-e-fiscalizacao\/#breadcrumb\",\"itemListElement\":[{\"@type\":\"ListItem\",\"position\":1,\"item\":{\"@type\":\"WebPage\",\"@id\":\"https:\/\/www.valieng.com.br\/site\/\",\"url\":\"https:\/\/www.valieng.com.br\/site\/\",\"name\":\"In\\u00edcio\"}},{\"@type\":\"ListItem\",\"position\":2,\"item\":{\"@type\":\"WebPage\",\"@id\":\"https:\/\/www.valieng.com.br\/site\/gerenciamento-e-fiscalizacao\/\",\"url\":\"https:\/\/www.valieng.com.br\/site\/gerenciamento-e-fiscalizacao\/\",\"name\":\"Gerenciamento e Fiscaliza\\u00e7\\u00e3o\"}}]}]}<\/script>\n<!-- \/ Yoast SEO plugin. -->","_links":{"self":[{"href":"https:\/\/www.valieng.com.br\/site\/wp-json\/wp\/v2\/pages\/45"}],"collection":[{"href":"https:\/\/www.valieng.com.br\/site\/wp-json\/wp\/v2\/pages"}],"about":[{"href":"https:\/\/www.valieng.com.br\/site\/wp-json\/wp\/v2\/types\/page"}],"author":[{"embeddable":true,"href":"https:\/\/www.valieng.com.br\/site\/wp-json\/wp\/v2\/users\/101011"}],"replies":[{"embeddable":true,"href":"https:\/\/www.valieng.com.br\/site\/wp-json\/wp\/v2\/comments?post=45"}],"version-history":[{"count":10,"href":"https:\/\/www.valieng.com.br\/site\/wp-json\/wp\/v2\/pages\/45\/revisions"}],"predecessor-version":[{"id":184,"href":"https:\/\/www.valieng.com.br\/site\/wp-json\/wp\/v2\/pages\/45\/revisions\/184"}],"wp:attachment":[{"href":"https:\/\/www.valieng.com.br\/site\/wp-json\/wp\/v2\/media?parent=45"}],"curies":[{"name":"wp","href":"https:\/\/api.w.org\/{rel}","templated":true}]}}