{"id":43,"date":"2014-12-23T02:55:56","date_gmt":"2014-12-23T02:55:56","guid":{"rendered":"http:\/\/186.202.127.38\/~valiengcom\/site\/?page_id=43"},"modified":"2017-08-14T19:37:02","modified_gmt":"2017-08-14T19:37:02","slug":"consultoria","status":"publish","type":"page","link":"https:\/\/www.valieng.com.br\/site\/consultoria\/","title":{"rendered":"Consultoria"},"content":{"rendered":"<h1>Consultoria T\u00e9cnica em Gest\u00e3o de Obras<\/h1>\n<p><img class=\"lazyload alignright wp-image-70\" src=\"http:\/\/www.valieng.com.br\/site\/wp-content\/uploads\/988376_17880977-300x225.jpg\" data-orig-src=\"http:\/\/www.valieng.com.br\/site\/wp-content\/uploads\/988376_17880977-300x225.jpg\" alt=\"988376_17880977\" width=\"450\" height=\"338\" srcset=\"data:image\/svg+xml,%3Csvg%20xmlns%3D%27http%3A%2F%2Fwww.w3.org%2F2000%2Fsvg%27%20width%3D%27450%27%20height%3D%27338%27%20viewBox%3D%270%200%20450%20338%27%3E%3Crect%20width%3D%27450%27%20height%3D%27338%27%20fill-opacity%3D%220%22%2F%3E%3C%2Fsvg%3E\" data-srcset=\"https:\/\/www.valieng.com.br\/site\/wp-content\/uploads\/988376_17880977-300x225.jpg 300w, https:\/\/www.valieng.com.br\/site\/wp-content\/uploads\/988376_17880977.jpg 800w\" data-sizes=\"auto\" data-orig-sizes=\"(max-width: 450px) 100vw, 450px\" \/>Com experi\u00eancia s\u00f3lida em Gest\u00e3o na Constru\u00e7\u00e3o Civil, nossa equipe est\u00e1 preparada para assessorar empresas na capacita\u00e7\u00e3o de equipes de planejamento, inova\u00e7\u00e3o, em ferramentas e t\u00e9cnicas de controle f\u00edsico e econ\u00f4mico, e no aprimoramento t\u00e9cnico para engenheiros.<\/p>\n<p>&nbsp;<\/p>\n","protected":false},"excerpt":{"rendered":"<p>Consultoria T\u00e9cnica em Gest\u00e3o de Obras Com experi\u00eancia s\u00f3lida em Gest\u00e3o na Constru\u00e7\u00e3o Civil, nossa equipe est\u00e1 preparada para assessorar empresas na capacita\u00e7\u00e3o de equipes de planejamento, inova\u00e7\u00e3o, em ferramentas e t\u00e9cnicas de controle f\u00edsico e econ\u00f4mico, e no aprimoramento t\u00e9cnico para engenheiros. &nbsp;<\/p>\n","protected":false},"author":101011,"featured_media":0,"parent":0,"menu_order":0,"comment_status":"open","ping_status":"open","template":"","meta":{"spay_email":""},"yoast_head":"<!-- This site is optimized with the Yoast SEO plugin v16.1.1 - https:\/\/yoast.com\/wordpress\/plugins\/seo\/ -->\n<title>Consultoria - Valieng - Engenharia Consultoria, Planejamento, Or\u00e7amento<\/title>\n<link rel=\"canonical\" href=\"https:\/\/www.valieng.com.br\/site\/consultoria\/\" \/>\n<meta property=\"og:locale\" content=\"pt_BR\" \/>\n<meta property=\"og:type\" content=\"article\" \/>\n<meta property=\"og:title\" content=\"Consultoria - Valieng - Engenharia Consultoria, Planejamento, Or\u00e7amento\" \/>\n<meta property=\"og:description\" content=\"Consultoria T\u00e9cnica em Gest\u00e3o de Obras Com experi\u00eancia s\u00f3lida em Gest\u00e3o na Constru\u00e7\u00e3o Civil, nossa equipe est\u00e1 preparada para assessorar empresas na capacita\u00e7\u00e3o de equipes de planejamento, inova\u00e7\u00e3o, em ferramentas e t\u00e9cnicas de controle f\u00edsico e econ\u00f4mico, e no aprimoramento t\u00e9cnico para engenheiros. &nbsp;\" \/>\n<meta property=\"og:url\" content=\"https:\/\/www.valieng.com.br\/site\/consultoria\/\" \/>\n<meta property=\"og:site_name\" content=\"Valieng - Engenharia Consultoria, Planejamento, Or\u00e7amento\" \/>\n<meta property=\"article:modified_time\" content=\"2017-08-14T19:37:02+00:00\" \/>\n<meta property=\"og:image\" content=\"http:\/\/www.valieng.com.br\/site\/wp-content\/uploads\/988376_17880977-300x225.jpg\" \/>\n<meta name=\"twitter:card\" content=\"summary_large_image\" \/>\n<script type=\"application\/ld+json\" class=\"yoast-schema-graph\">{\"@context\":\"https:\/\/schema.org\",\"@graph\":[{\"@type\":\"WebSite\",\"@id\":\"https:\/\/www.valieng.com.br\/site\/#website\",\"url\":\"https:\/\/www.valieng.com.br\/site\/\",\"name\":\"Valieng - Engenharia Consultoria, Planejamento, Or\\u00e7amento\",\"description\":\"Consultoria, Planejamento, Or\\u00e7amento, Controle de Custo, Gerenciamento e Fiscaliza\\u00e7\\u00e3o\",\"potentialAction\":[{\"@type\":\"SearchAction\",\"target\":\"https:\/\/www.valieng.com.br\/site\/?s={search_term_string}\",\"query-input\":\"required name=search_term_string\"}],\"inLanguage\":\"pt-BR\"},{\"@type\":\"ImageObject\",\"@id\":\"https:\/\/www.valieng.com.br\/site\/consultoria\/#primaryimage\",\"inLanguage\":\"pt-BR\",\"url\":\"http:\/\/www.valieng.com.br\/site\/wp-content\/uploads\/988376_17880977-300x225.jpg\",\"contentUrl\":\"http:\/\/www.valieng.com.br\/site\/wp-content\/uploads\/988376_17880977-300x225.jpg\"},{\"@type\":\"WebPage\",\"@id\":\"https:\/\/www.valieng.com.br\/site\/consultoria\/#webpage\",\"url\":\"https:\/\/www.valieng.com.br\/site\/consultoria\/\",\"name\":\"Consultoria - Valieng - Engenharia Consultoria, Planejamento, Or\\u00e7amento\",\"isPartOf\":{\"@id\":\"https:\/\/www.valieng.com.br\/site\/#website\"},\"primaryImageOfPage\":{\"@id\":\"https:\/\/www.valieng.com.br\/site\/consultoria\/#primaryimage\"},\"datePublished\":\"2014-12-23T02:55:56+00:00\",\"dateModified\":\"2017-08-14T19:37:02+00:00\",\"breadcrumb\":{\"@id\":\"https:\/\/www.valieng.com.br\/site\/consultoria\/#breadcrumb\"},\"inLanguage\":\"pt-BR\",\"potentialAction\":[{\"@type\":\"ReadAction\",\"target\":[\"https:\/\/www.valieng.com.br\/site\/consultoria\/\"]}]},{\"@type\":\"BreadcrumbList\",\"@id\":\"https:\/\/www.valieng.com.br\/site\/consultoria\/#breadcrumb\",\"itemListElement\":[{\"@type\":\"ListItem\",\"position\":1,\"item\":{\"@type\":\"WebPage\",\"@id\":\"https:\/\/www.valieng.com.br\/site\/\",\"url\":\"https:\/\/www.valieng.com.br\/site\/\",\"name\":\"In\\u00edcio\"}},{\"@type\":\"ListItem\",\"position\":2,\"item\":{\"@type\":\"WebPage\",\"@id\":\"https:\/\/www.valieng.com.br\/site\/consultoria\/\",\"url\":\"https:\/\/www.valieng.com.br\/site\/consultoria\/\",\"name\":\"Consultoria\"}}]}]}<\/script>\n<!-- \/ Yoast SEO plugin. -->","_links":{"self":[{"href":"https:\/\/www.valieng.com.br\/site\/wp-json\/wp\/v2\/pages\/43"}],"collection":[{"href":"https:\/\/www.valieng.com.br\/site\/wp-json\/wp\/v2\/pages"}],"about":[{"href":"https:\/\/www.valieng.com.br\/site\/wp-json\/wp\/v2\/types\/page"}],"author":[{"embeddable":true,"href":"https:\/\/www.valieng.com.br\/site\/wp-json\/wp\/v2\/users\/101011"}],"replies":[{"embeddable":true,"href":"https:\/\/www.valieng.com.br\/site\/wp-json\/wp\/v2\/comments?post=43"}],"version-history":[{"count":7,"href":"https:\/\/www.valieng.com.br\/site\/wp-json\/wp\/v2\/pages\/43\/revisions"}],"predecessor-version":[{"id":185,"href":"https:\/\/www.valieng.com.br\/site\/wp-json\/wp\/v2\/pages\/43\/revisions\/185"}],"wp:attachment":[{"href":"https:\/\/www.valieng.com.br\/site\/wp-json\/wp\/v2\/media?parent=43"}],"curies":[{"name":"wp","href":"https:\/\/api.w.org\/{rel}","templated":true}]}}